 Let v(m) = 7*m**3 + 7*m**2 + 7*m - 6. Let k(u) = u**3 + u**2 + u + 1. Let l(x) = 6*k(x) - v(x). What is the units digit of l(c)?
2
Let r(q) = -q**3 - 6*q**2 + q + 7. Let w be r(-6). Let x be w/(-4) + 45/4. Let z = -4 + x. What is the units digit of z?
7
Suppose 0 = 2*w - 84 + 4. What is the tens digit of w?
4
Suppose w + w - 6 = 0. Suppose -w*f - 27 = -4*x, -4*x - 3*f + 21 = -0*x. What is the units digit of x?
6
Let d(v) = 6*v**2 - 4*v**2 + v - 4 + 11*v**2 - 3*v + v**3. What is the tens digit of d(-13)?
2
Let x be ((-2)/3)/((-6)/153). Suppose -5*g = -42 + x. What is the units digit of g?
5
Let n = 13 + -8. Suppose -74 = n*s - 6*s. Let c = -52 + s. What is the tens digit of c?
2
Suppose 2*g + 4*z - 181 = 5*z, 347 = 4*g + 3*z. What is the units digit of g?
9
Suppose -56 = -2*i + b, -5*b + 40 = 2*i - 28. What is the units digit of i?
9
Let n(u) = -7*u + 20. Let x(k) = -13*k + 39. Let j(r) = -11*n(r) + 6*x(r). What is the units digit of j(8)?
6
Suppose -2*r + 3*v - 27 = 0, 2*r + 2*v = -0*r - 2. Let m = r - -34. Suppose -7 = 3*j - m. What is the units digit of j?
7
Let c(u) = -3*u**3 - 1. Suppose -b + 3*b = 4. Let n be c(b). What is the units digit of ((-4)/5)/(2/n)?
0
Suppose 2*u - 282 = 574. What is the units digit of u?
8
What is the units digit of (-9)/(-21) + (-300)/(-35)?
9
Let u = -2 - -12. What is the tens digit of u?
1
Let j(b) be the first derivative of -b**3/3 - 5*b**2 - 6*b - 3. Let c be j(-9). Suppose -c - 2 = -y. What is the units digit of y?
5
Let f = -20 + 42. Let d be f/8 + (-1)/(-4). What is the units digit of 15/d + (0 - 0)?
5
What is the tens digit of ((-218)/3)/(2/(-3))?
0
Let y = -42 + 170. What is the units digit of y?
8
Suppose 0 = 2*x + 2*x - v - 74, -5*v = 3*x - 67. What is the units digit of x?
9
Suppose -4*j = i + 16, -2*i + 3*i - j = -11. What is the tens digit of (-1671)/(-45) + i/90?
3
Let g be 10*-3*(-4)/30. Let y be (-5 + 2)*g*-3. Suppose -4*r = 5*k - y, -2*k + r = -r - 18. What is the units digit of k?
8
What is the tens digit of (-1)/(-2) + 2034/36?
5
What is the units digit of ((5 + 85)/1)/1?
0
Suppose 0 = d + 2 + 3. Let v = d + 2. What is the units digit of v/(6/(-14)) - 0?
7
Let l be (-270)/(-4) - (-7)/(-14). Suppose 5*t + f = l + 21, -4*t - f + 70 = 0. What is the tens digit of t?
1
What is the tens digit of 2/(-4) - (-2004)/24 - 1?
8
Suppose 2*s = -4*j - 8, j = -2*j + 3*s + 12. Suppose j = -5*i + 63 + 137. What is the tens digit of i?
4
Let y be 3/6*(0 + 22). Suppose 4*f - 5 = -5*i + 2, 4*f + i = y. What is the units digit of 26/4 - f/6?
6
What is the units digit of (-3 - 772/8)*(-2 - 0)?
9
Let r(j) = -13*j + 10. What is the units digit of r(-8)?
4
Let w(a) be the third derivative of -a**4/24 + a**3/2 - 6*a**2. Let b = 2 + -8. What is the units digit of w(b)?
9
Let o be -9*(-1*51)/3. Suppose -4*v + 5*x = -o, 3*v - 87 = v - x. What is the units digit of v?
2
Let b(j) = -j**3 - 7*j**2 + 7*j - 1. Let f(z) = -z**3 + 1. Let k(n) = b(n) - 2*f(n). Let q(w) = w**3 + 6. Let l be q(0). What is the units digit of k(l)?
3
Suppose -3*g = 2*g - 10. Suppose -100 = -4*b + g*b. Suppose 8*d = 3*d + b. What is the units digit of d?
0
Let z = 10 + -5. Suppose 18 = -o - 4*j, j + 5 = z*o + 2*j. What is the units digit of o?
2
Suppose -o - 352 = -3*o + 2*x, 5*x = 4*o - 706. What is the hundreds digit of o?
1
Suppose 5*w + 10 = 0, g = 6*g - 3*w - 51. Let f = g + -3. What is the units digit of f?
6
Suppose 5*o + 5*p - 6 = -51, 0 = 3*o + 2*p + 22. Let d(a) = -2*a + 1. What is the units digit of d(o)?
9
Suppose 3*z + 0*z = 15. Suppose 0 = -z*k + 36 + 24. What is the units digit of k?
2
Let h = 0 + 0. Suppose f - d - 5 = h, f - 7 = -3*d + 6. What is the units digit of f?
7
Let t(p) = p + 1. Let a = 2 - -2. Let s = 7 - a. What is the units digit of t(s)?
4
Let n(i) = -3*i - 12. What is the units digit of n(-7)?
9
Let a = 1 + 1. Suppose a*k - 3 = k. Suppose k*x - 4*x = -3*z + 16, 4*z - x = 21. What is the units digit of z?
5
Let i be (-21)/(-4) - (-4)/(-16). Let g(r) = -r**2 + 6*r - 1. Let z be g(i). Suppose -4*q + 4*m - 6 = -2, -2*q = z*m - 16. What is the units digit of q?
2
Suppose l = -0*l + 16. What is the tens digit of l?
1
Let x be (-4 + 1)/(0 + -1). Suppose 0 = 44*a - 43*a + 1. What is the units digit of 2/(a + x)*14?
4
Suppose -2*s + 16 = -4*s + 5*a, 2*s - a = 0. Suppose -s*y = -3*y + 17. What is the tens digit of y?
1
Suppose 11 = 2*l - 3. Suppose l = 4*p - 9. What is the units digit of -7 + p - (-5 + 1)?
1
Let a = -28 + -35. What is the units digit of (-648)/a + (-4)/14?
0
Let l be ((-42)/(-35))/((-4)/(-10)). Suppose 5*r + l = k, 5*k - r = -5*r + 131. What is the tens digit of k?
2
Let t be (2/4)/((-3)/(-144)). Let z = 42 - t. What is the tens digit of z?
1
Let d = 6 - 4. Suppose -2*f - 10 = 2*m, 3*m + d*f + 8 = -3. Let n = m - -6. What is the units digit of n?
5
Suppose -20 = -5*y - 5*k, 5*y = y + 5*k + 52. What is the tens digit of (-2)/y - (-157)/4?
3
Suppose -5*t = -2*v + 11, -4*t - 8 = -2*v - 0. Let u be ((-3)/4)/(v/(-16)). What is the units digit of (u/4)/((-6)/4)?
1
Let l(r) = r + 13. What is the units digit of l(-6)?
7
Suppose -68 = -4*x + 2*q, 0*x - 5*q = 2*x - 22. Let m(v) = -23*v + 1. Let h be m(-1). Let k = h - x. What is the units digit of k?
8
Suppose -4*i + 7*i - 180 = 0. Suppose -p = 2*p - i. What is the tens digit of p?
2
Let v(u) = -u**3 - 8*u**2 - 10*u - 1. Let o be v(-7). Let l = o + -5. What is the units digit of l?
5
Let p be (-4)/(24/(-10))*3. Let u(i) = -i**3 + 4*i**2 + 7*i - 6. What is the units digit of u(p)?
4
Let i(j) = 47*j**2 + j. Suppose 0 = -t + a + 2, -2*t - 4*a + 7 = -7*a. What is the units digit of i(t)?
6
Let w(x) = -x**3 - 1 + 0*x**2 - 4*x + 5*x**2 + x - 3. What is the units digit of w(3)?
5
Let s = 2 - -6. Let l = 1 + s. What is the units digit of l?
9
Let a(j) = -j**3 + 5*j**2 + j - 6. Let x be a(5). Let z = x - -5. Suppose z = s + 1. What is the units digit of s?
3
Let f be (12/15)/((-4)/10). Let d = f + 5. Suppose -u - 5*i - 1 - d = 0, 5*u - 3*i - 36 = 0. What is the units digit of u?
6
Let r be ((-2)/1)/(-2)*14. Suppose 3*g - 5 + r = 0. What is the units digit of (3 + 0)/(-2 - g)?
3
Let b be (28/(-2) + 1)*1. Let i(d) = d**3 + 14*d**2 + 11*d - 9. What is the units digit of i(b)?
7
Let r(m) = m + 96. Let v be r(0). Suppose 5*d - v - 4 = 0. Suppose -2*p = -6*p + d. What is the units digit of p?
5
Let z(r) = -13*r + 6. Let u be z(-7). Suppose -5*x - 4*p - u = 0, 2*x + p = 6*x + 86. What is the units digit of (36/x)/((-2)/7)?
6
Suppose 34*v - 312 = 31*v. What is the units digit of v?
4
Suppose -5 - 19 = -4*v. Suppose -4 = -i + v. What is the tens digit of i?
1
What is the units digit of 2/14 + 247/133?
2
Suppose 0 = 2*v + 4*p - 8 - 8, 0 = -4*p + 4. Suppose 0 = 4*f + w - 11, 2*w - w + 5 = 4*f. What is the units digit of (v + -8)/((-1)/f)?
4
Suppose n - 4*r = 53, 0 = -r + 3 - 1. What is the units digit of n?
1
Suppose 7*w = 2*w - m + 152, w + 2*m - 34 = 0. What is the tens digit of w?
3
Let k be 1 + 8 + (-8)/4. Suppose 15 = k*c - 2*c. Suppose -j + 14 = -4*y - 7, c*y = j - 17. What is the units digit of j?
5
Suppose z - 2*b + 18 = -b, 2*z = -b - 24. Let j be z + 2 + (4 - 2). What is the tens digit of -2*j/(-6)*-3?
1
Suppose 2*y + 11 - 37 = 0. Suppose 4*m - 2*v + 0 = -26, 5*v = -3*m - y. What is the units digit of 6/(-27)*m*9?
2
Suppose -4*r = -5*m - 31, m = -3*r + 4*r - 7. What is the units digit of 103/7 + r/14?
5
Let u be 5 - ((-3)/3 + 0). Let w = u - 5. What is the units digit of w?
1
Let a(l) = -l**3 + 2*l**2 + 4*l + 1. Let f(m) = -m**2 - 4*m + 1. Let i be f(-4). Let w be -2*i + 8 + -3. What is the units digit of a(w)?
4
Let t(v) = 3*v**2 + v - 9. What is the units digit of t(-3)?
5
Let t = -3 - -4. Let z be t - ((-6)/2 + 23). What is the units digit of -3 - (-1 - z)*-1?
5
Let l be 30/(-2*2/(-4)). Let p be 6/(-24) + l/(-8). Let i = p - -6. What is the units digit of i?
2
Let z = 2 - 1. Let s be (z + 2)/(1/(-3)). What is the units digit of 12/s*(-6)/4?
2
Let z = -12 - -62. Suppose -d - z = 4*d. Let w(c) = c**3 + 9*c**2 - 11*c - 1. What is the units digit of w(d)?
9
Suppose -4*k + 3*k = -8. Suppose 3*t - k*t = -40. What is the units digit of t?
8
Let z(a) be the third derivative of -a**4/24 + 11*a**3/6 - a**2. Let m be z(10). What is the units digit of (m - 2/(-2)) + 4?
6
Let y = -2 + -